mposite number?
True
Let c be 38342/5 + 2 - (-33)/55. Let b = 16069 - c. Suppose 5*l - 16794 = l + 5*p, 0 = -2*l + 2*p + b. Is l prime?
True
Let u be 4/18 - (-28)/(-126). Suppose -3*k - 15 - 30 = u. Is (-13152)/k + (6/10)/3 a prime number?
True
Suppose 5*g = j - 10, -6 = 4*j - 6*j + 3*g. Suppose -3*r = -5*d + 11, j*r + 26 = 5*d + 2*r. Suppose -d*k = -3*k - 443. Is k a composite number?
False
Suppose d - v + 48 = 5*d, 4*v = -2*d + 24. Suppose -w + 5*m = 3*w - d, 5*m = 2*w - 16. Is 67/w*(-1 + -1) a prime number?
True
Let p = -79417 - -143346. Is p composite?
False
Suppose 36*n - 139 = 5. Suppose n*c + 4*t - 71362 = 17834, 22291 = c + 3*t. Is c composite?
False
Suppose -f - 11039 = 3*y, -5*y = -4*f - 12985 - 31205. Let o = f - -35488. Is o composite?
False
Let d be 152856/63 + (-7)/((-49)/(-2)). Let v = d - -1187. Is v prime?
True
Suppose 12*x - 9696 = 13644. Let b = -682 + x. Is b composite?
True
Suppose 3*z + 4*u = 298975, -3*z + 22*u - 24*u = -298979. Is z composite?
False
Suppose 0 = -0*p - 7*p + 35. Suppose y = -p*y + 2454. Let s = y + 510. Is s a composite number?
False
Suppose 1955 = u + 8*w - 9*w, -u = -3*w - 1947. Let s = 3760 - u. Is s a composite number?
False
Let i(r) = 3*r**2 - 6*r + 3. Let n be i(2). Is 96 + (12/(-8))/(n/2) prime?
False
Let p(h) = -61*h**2 + 3*h - 10. Let u be p(-5). Let a = u + 2952. Suppose -2*d + a = -9240. Is d prime?
False
Suppose 54*t - 3*t + 1652015 = 5416784. Is t a prime number?
True
Let q = 707875 + -388976. Is q a composite number?
True
Suppose 25 = -11*f - 19, 0 = 4*l - 5*f - 1751368. Is l composite?
False
Suppose 0 = 5*o + 25, -108*i + 109*i + 4*o = 88746. Is i a composite number?
True
Let f = 139 - 106. Let z(h) = 9*h**2 - 49*h + 94. Is z(f) composite?
True
Let b(z) = 25381*z + 732. Is b(5) a prime number?
True
Let k(v) = 3702*v**3 - 50*v**2 + 128*v + 7. Is k(4) a composite number?
True
Let t be (29006 - 2) + (-28 - -22). Suppose -3*u = 3*n - 43479, 10*n = 8*n - 5*u + t. Is n a composite number?
False
Let i(d) = 114118*d**3 + 6*d**2 - 14*d + 9. Is i(1) prime?
False
Let l(j) = 3542*j**2 + 6123*j**2 - 4*j + 361*j**2 - 3. Is l(1) composite?
True
Let w be 13 - (4 + (-1 - -1)). Let i = w - -5. Is 1/((2/(-795))/(i/(-21))) a prime number?
False
Let q = -57546 - -204767. Is q a prime number?
True
Suppose 27*y - 16*y = 1024958. Is y a prime number?
False
Suppose -8*m + 21 = -m. Suppose -4*z - 1550 = -2*t - 5260, 0 = m*t + 15. Suppose -2*x + j + z = -2*j, -6 = -2*j. Is x prime?
True
Let b(f) = -192*f**3 + f**2 - 18*f - 40. Is b(-3) composite?
True
Let o = 5150 + -5783. Let y(b) = 72*b - 2. Let s be y(-6). Let u = s - o. Is u composite?
False
Let g = 62 - -1. Let p = -63 + g. Is (934/(-6))/(p + 7/(-21)) a prime number?
True
Let f(h) = 6*h - 7. Let u be f(2). Suppose b + 6512 = -2*b - u*o, -3*o - 10848 = 5*b. Let m = b + 3412. Is m prime?
False
Let r be (-2)/18 + 1276620/540. Let q = r + 95. Is q prime?
True
Let m(h) = -1389*h - 44*h + 62*h - 9. Is m(-2) prime?
False
Suppose 224 + 16 = 5*x. Suppose x*r = 52*r - 1916. Is r prime?
True
Suppose 2*w + 489172 = -38*x + 40*x, -4*w = 4*x - 978320. Is x prime?
True
Suppose 50711 + 181501 = 12*p. Is p prime?
False
Let g(w) = -6780*w - 359. Is g(-17) a prime number?
True
Suppose -4*j + 76*f - 75*f = -345152, 431415 = 5*j + 5*f. Is j a prime number?
True
Let q be 61 + (0/2)/(5 - 7). Suppose q*v - 65*v = -3188. Is v prime?
True
Suppose -10 = -2*g - 0. Suppose g*i = 591 + 64. Is i a prime number?
True
Suppose 0 = -136*z + 29762760 + 17916878 - 16768606. Is z a prime number?
False
Let n = -133 + 138. Let h be 3 + 4/(-12)*0. Suppose h*y - 1938 = -5*l, -l - 3193 = -n*y + 3*l. Is y a composite number?
False
Suppose -6 = 3*z + 5*c, 0*z = 2*z + 3*c + 3. Suppose -1 = p, 4*g = -0*g + z*p + 3. Suppose -b = -g*b - 1639. Is b a prime number?
False
Let s = -234 - -236. Let q = -4 - -9. Suppose -165 = -q*k + s*f, -k + 2*f + 95 = 2*k. Is k composite?
True
Let x = 66508 - 23999. Is x a composite number?
False
Let m = 85581 - 42950. Is m prime?
False
Let g be 52/(-14) - (-4)/(-14). Let q be 4 - (g + (11 - 4)). Is 109*((-3)/q)/(-3) prime?
True
Let h(p) = 3*p. Let i(y) = 1844*y**2 - 4*y - 6. Let r(j) = 3*h(j) + i(j). Is r(1) composite?
True
Suppose 52090 = -2*g + 12*g. Suppose 15979 = 4*n - g. Is n a composite number?
False
Let n be (30/(-6))/(2/5290). Let w = -8834 - n. Is w composite?
False
Is -9 + 15 - (-2 - 5399) a composite number?
False
Let v(a) = a**2 + 4*a**3 + 4 - 5*a + a**3 + a + 0. Let g be v(2). Suppose 2*o - 966 - g = 0. Is o a prime number?
True
Suppose 0 = 5*s - 3411 - 8149. Let a(r) = 7*r**2 + 3*r. Let u be a(-1). Suppose 0 = -u*w - 20, 3*f - w - s = -0*w. Is f composite?
False
Let u(j) be the first derivative of -j**4/4 - 2*j**3/3 + j**2/2 + 3409*j + 81. Is u(0) a composite number?
True
Let x(i) = -10*i + 37. Let s be x(6). Let a(f) = f**3 + 28*f**2 - 7*f - 2. Let m be a(s). Suppose m = h + 3*h. Is h composite?
False
Let k(u) = 338*u**2 - 122*u - 551. Is k(-5) a composite number?
True
Let c(n) be the second derivative of 661*n**4/6 - n**3 - 3*n**2/2 + 127*n. Is c(-2) a composite number?
False
Suppose -4*l + 11 = -5. Let h be (l - 3*12) + -2. Is 732/(-3)*h/8 a composite number?
True
Suppose -3*n = 0, -28*y + 32*y + 3*n = 28. Let c = -1 + 12. Suppose -y*i - 2008 = -c*i. Is i prime?
False
Let d = 884003 + -569776. Is d composite?
False
Let w = 366016 + -181985. Is w prime?
True
Suppose 5*x + 3 = -m + 31, -m = -5*x + 22. Suppose 8*t - m*t = -q - 21, -4*q + 3*t = -31. Suppose 2076 = n + z + q*z, -z + 10500 = 5*n. Is n composite?
True
Let r be (-28)/(((-17)/(-34))/(1/(-2))). Is (-7)/r + (-10053)/(-4) a prime number?
False
Let f be (15/(-4))/((55/88)/(-5)). Is 41536/40 + 18/f composite?
False
Let d be 5 - -4 - ((-8)/(-2) - 4). Is 4/(-12)*(-58941)/d a prime number?
False
Suppose 15*h - 1072 = 713. Suppose n - 3*n - 135 = -y, y = -2*n + h. Is y a composite number?
False
Suppose 0*c - 127190 = -5*c + 2*j, 0 = -4*c - 3*j + 101729. Let i = c + 141. Is i prime?
True
Suppose -152*s + 90 = -158*s. Let d = 136 + s. Is d composite?
True
Let p(m) = 818*m - 75. Let t = -127 - -138. Is p(t) a prime number?
True
Is 819259*((-284)/(-28) + -10) prime?
True
Suppose -2*m + 2862776 = 5*p + 630236, p + 3348793 = 3*m. Is m prime?
False
Let q be (4316 - -28) + -1 + -2. Let o = q + -2198. Suppose -3*j = -3*t - 7*j + o, 4*t - 2*j = 2850. Is t prime?
False
Let u(s) = s**2 - 8*s + 4. Let v be u(8). Suppose -10281 = -2*q - v*m + 22057, 5*q - 80827 = -4*m. Is q composite?
True
Suppose 3*w + 22 = 2*n, 4*n - n + 3*w - 3 = 0. Let l be (n/((-35)/(-2)))/((-6)/(-21)). Let b = l + 686. Is b composite?
True
Let a(d) = -d**3 + 122*d**2 + 170*d + 818. Is a(117) composite?
False
Let u = -81 - -192. Suppose -u*k + 102*k = -27171. Is k a composite number?
False
Let d(p) = -5*p + 30. Let h be d(6). Suppose 4*t + h*l - l = 1523, 2*t + 4*l - 766 = 0. Suppose -t = -6*u + 3*u. Is u composite?
False
Suppose a + 4*a - 8100 = 0. Let m = -13 - 510. Let q = a + m. Is q composite?
False
Suppose -2*d + 9 = 9. Suppose -2*h + 954 = 4*i, -4*h + 7*i - 3*i + 1920 = d. Is h a prime number?
True
Let p(d) = d**3 - 19*d**2 - 7*d - 5. Suppose -25 = 4*b - 13. Let t(r) = 10*r**2 + 3*r + 2. Let o(c) = b*p(c) - 7*t(c). Is o(-9) a composite number?
True
Let m = 35 + -68. Let l = -18 + m. Is -502*l/6 - (0 - 4) prime?
True
Let x = -11397 + 46456. Is x composite?
False
Suppose 0 = 9*v + 18 + 18. Is (2162 - 4) + v - -5 a prime number?
False
Suppose 14*h = 19*h + 3*i - 25, 3*i = -3*h + 15. Suppose -h*n - w = -4144, 5*w = 24*n - 25*n + 824. Is n a composite number?
False
Let g(c) = c**3 - 10*c**2 - 8*c + 16. Let l be g(11). Let f = l + -50. Is (-1)/(-3*f/(-2055)) composite?
True
Suppose -2*v + c + 2 + 7 = 0, 3*v + 2*c = 3. Suppose t - 5*r = 6465, -4*t = -r + v*r - 25772. Is t a prime number?
False
Let f = 56 - 54. Suppose -q = -f*v + v + 6, -3*v + 2*q + 16 = 0. Suppose 668 = 3*u - h - 562, 1621 = v*u + 5*h. Is u a composite number?
False
Let b(r) = r**3 - 2*r**2 - 15*r + 4. Let j be b(5). Let y be j*-32*(5 + -3). Let z = 411 + y. Is z composite?
True
Suppose 2*m - 4*d = -11416, -4*d - 539 = -m - 6257. Let b = 9287 + m. Is b a composite number?
True
Suppose -4*a - 36 = -5*g, 3*g + 10 = -5*a + 2. Suppose -3*i = 5*f - 2, 3*f + f = 3*i + 7. Is i*2/(g/6) - 